is the remainder when 139530900 is divided by 142?
138
What is the remainder when 1635922 is divided by 2713?
2696
Calculate the remainder when 62184 is divided by 1353.
1299
What is the remainder when 362502 is divided by 38?
20
Calculate the remainder when 8570009 is divided by 2856653.
50
What is the remainder when 213172388 is divided by 69?
62
Calculate the remainder when 164505 is divided by 164395.
110
Calculate the remainder when 158740396 is divided by 23.
8
Calculate the remainder when 6644811 is divided by 9.
3
What is the remainder when 64616 is divided by 133?
111
Calculate the remainder when 1598771 is divided by 116.
59
What is the remainder when 66015 is divided by 2002?
1951
Calculate the remainder when 487737 is divided by 126.
117
Calculate the remainder when 2197352 is divided by 37.
33
What is the remainder when 18067861 is divided by 430187?
7
Calculate the remainder when 25843038 is divided by 95.
93
What is the remainder when 1108936 is divided by 302?
294
Calculate the remainder when 1014455 is divided by 99.
2
What is the remainder when 23371361 is divided by 5842830?
41
What is the remainder when 17048848 is divided by 2730?
2728
Calculate the remainder when 47492 is divided by 3599.
705
Calculate the remainder when 2399909 is divided by 266599.
518
Calculate the remainder when 47090 is divided by 7829.
116
Calculate the remainder when 614217 is divided by 102280.
537
What is the remainder when 441379 is divided by 1787?
1777
What is the remainder when 22477 is divided by 22436?
41
Calculate the remainder when 9884354 is divided by 404.
90
Calculate the remainder when 1185592 is divided by 99.
67
What is the remainder when 104247 is divided by 601?
274
Calculate the remainder when 217774 is divided by 35.
4
Calculate the remainder when 3761877 is divided by 2363.
2344
Calculate the remainder when 424134 is divided by 84820.
34
Calculate the remainder when 489270 is divided by 1723.
1661
Calculate the remainder when 14275177 is divided by 28.
21
What is the remainder when 63554448 is divided by 445?
438
Calculate the remainder when 1895160 is divided by 106.
92
Calculate the remainder when 4454453 is divided by 1141.
1130
What is the remainder when 20553 is divided by 1932?
1233
Calculate the remainder when 2005009 is divided by 47738.
13
What is the remainder when 7229653 is divided by 41?
0
Calculate the remainder when 8386033 is divided by 1489.
1474
What is the remainder when 364089 is divided by 147?
117
Calculate the remainder when 31785 is divided by 32.
9
Calculate the remainder when 377332 is divided by 233.
105
Calculate the remainder when 52072 is divided by 1230.
412
Calculate the remainder when 6823214 is divided by 184411.
7
Calculate the remainder when 331631 is divided by 163003.
5625
Calculate the remainder when 277768 is divided by 69043.
1596
What is the remainder when 16653684 is divided by 1492?
1472
What is the remainder when 1781132 is divided by 23?
12
Calculate the remainder when 320441 is divided by 31641.
4031
Calculate the remainder when 903970 is divided by 225960.
130
Calculate the remainder when 22056 is divided by 4305.
531
Calculate the remainder when 228491 is divided by 993.
101
Calculate the remainder when 11409900 is divided by 6037.
6007
What is the remainder when 380250 is divided by 98?
10
Calculate the remainder when 9992454 is divided by 16065.
24
What is the remainder when 12867013 is divided by 20327?
22
What is the remainder when 24051279 is divided by 2528?
2415
What is the remainder when 596246 is divided by 661?
24
Calculate the remainder when 7302357 is divided by 130.
127
Calculate the remainder when 121376686 is divided by 87.
28
Calculate the remainder when 19709477 is divided by 26.
21
Calculate the remainder when 3417841 is divided by 1708915.
11
Calculate the remainder when 10638651 is divided by 955.
906
What is the remainder when 1223996 is divided by 118?
100
Calculate the remainder when 71901054 is divided by 15.
9
Calculate the remainder when 786413 is divided by 785672.
741
Calculate the remainder when 128297 is divided by 790.
317
Calculate the remainder when 30188 is divided by 8461.
4805
What is the remainder when 9017849 is divided by 7416?
7409
What is the remainder when 623022 is divided by 61?
29
Calculate the remainder when 325327 is divided by 6024.
31
What is the remainder when 726320 is divided by 4374?
236
What is the remainder when 790360492 is divided by 14?
12
What is the remainder when 8582732 is divided by 497?
39
Calculate the remainder when 589445 is divided by 2251.
1934
Calculate the remainder when 199578 is divided by 302.
258
What is the remainder when 90260 is divided by 14836?
1244
What is the remainder when 7717942 is divided by 62?
58
What is the remainder when 1194388 is divided by 241?
233
What is the remainder when 21943 is divided by 4149?
1198
What is the remainder when 26399 is divided by 22743?
3656
Calculate the remainder when 824522 is divided by 5.
2
What is the remainder when 81791 is divided by 40549?
693
What is the remainder when 253517270 is divided by 84505751?
17
What is the remainder when 5514680 is divided by 207?
200
Calculate the remainder when 4967319 is divided by 331.
2
Calculate the remainder when 218728012 is divided by 43745600.
12
What is the remainder when 530816 is divided by 180?
176
What is the remainder when 1629197 is divided by 5946?
5939
Calculate the remainder when 1198824 is divided by 298.
268
What is the remainder when 2214568 is divided by 109?
15
What is the remainder when 418403 is divided by 167?
68
Calculate the remainder when 1722013 is divided by 1721316.
697
What is the remainder when 382540 is divided by 96?
76
Calculate the remainder when 1408827 is divided by 100623.
105
Calculate the remainder when 428210238 is divided by 603113.
8
Calculate the remainder when 65176 is divided by 838.
650
Calculate the remainder when 85796 is divided by 65.
61
Calculate the remainder when 39557 is divided by 19497.
563
What is the remainder when 177593 is divided by 385?
108
What is the remainder when 31868717 is divided by 4552663?
76
What is the remainder when 148669946 is divided by 18?
8
Calculate the remainder when 269430 is divided by 4490.
30
What is the remainder when 7131598 is divided by 136?
30
What is the remainder when 97765 is divided by 9754?
225
Calculate the remainder when 946889 is divided by 277.
103
What is the remainder when 2449335 is divided by 1918?
49
Calculate the remainder when 617238 is divided by 6363.
27
Calculate the remainder when 144268 is divided by 1432.
1068
What is the remainder when 2232195 is divided by 799?
588
What is the remainder when 58750 is divided by 27397?
3956
Calculate the remainder when 27451 is divided by 4515.
361
Calculate the remainder when 46239 is divided by 620.
359
What is the remainder when 985571 is divided by 15896?
19
What is the remainder when 103172 is divided by 34142?
746
Calculate the remainder when 3742139 is divided by 3.
2
Calculate the remainder when 1568384 is divided by 261391.
38
Calculate the remainder when 7446056 is divided by 1005.
11
Calculate the remainder when 625239 is divided by 196.
195
Calculate the remainder when 129131185 is divided by 8177.
1
Calculate the remainder when 13687332 is divided by 645.
432
Calculate the remainder when 49121449 is divided by 9.
7
Calculate the remainder when 10554828 is divided by 1210.
1208
Calculate the remainder when 511355 is divided by 279.
227
What is the remainder when 441146 is divided by 8010?
596
What is the remainder when 28172 is divided by 6494?
2196
What is the remainder when 523633 is divided by 16421?
14582
What is the remainder when 308150 is divided by 906?
110
Calculate the remainder when 6011216 is divided by 1473.
1376
What is the remainder when 2755118 is divided by 79?
72
Calculate the remainder when 34970 is divided by 5049.
4676
Calculate the remainder when 4451 is divided by 4192.
259
What is the remainder when 1989191 is divided by 497284?
55
Calculate the remainder when 666544 is divided by 7097.
6523
Calculate the remainder when 176263635 is divided by 3750290.
5
Calculate the remainder when 1294363 is divided by 3796.
3723
Calculate the remainder 